vide 636799?
True
Is 1139860 a multiple of 5?
True
Is 3202935 a multiple of 38?
False
Is 887679 a multiple of 243?
True
Is 4018908 a multiple of 27?
False
Is 14 a factor of 3988754?
True
Is 1011120 a multiple of 30?
True
Is 51 a factor of 579796?
False
Is 216 a factor of 595080?
True
Does 26 divide 522823?
False
Is 72 a factor of 2214948?
False
Is 1186806 a multiple of 669?
True
Is 73436 a multiple of 44?
True
Is 345 a factor of 165771?
False
Does 31 divide 7781?
True
Is 709345 a multiple of 65?
True
Is 479 a factor of 149747?
False
Is 403 a factor of 728221?
True
Does 16 divide 23278752?
True
Does 10 divide 2734230?
True
Does 158 divide 354981?
False
Is 71 a factor of 8843997?
False
Does 50 divide 1394550?
True
Does 22 divide 5021?
False
Does 221 divide 176137?
True
Is 2206366 a multiple of 14?
False
Is 18630 a multiple of 46?
True
Does 9 divide 3515283?
True
Does 6 divide 43879?
False
Does 397 divide 189766?
True
Does 45 divide 241982?
False
Does 18 divide 269550?
True
Is 10164634 a multiple of 45?
False
Is 41 a factor of 579535?
True
Is 43578 a multiple of 4?
False
Is 65 a factor of 2181391?
False
Does 36 divide 178992?
True
Is 1344108 a multiple of 202?
True
Is 955 a multiple of 7?
False
Does 38 divide 18785294?
False
Is 2029986 a multiple of 9?
True
Is 911553 a multiple of 41?
True
Is 18 a factor of 840236?
False
Is 791 a factor of 1999646?
False
Does 12 divide 5919840?
True
Is 38 a factor of 6798456?
False
Is 108557 a multiple of 23?
False
Is 550001 a multiple of 547?
False
Does 4 divide 137804?
True
Is 846335 a multiple of 143?
False
Does 4 divide 47913?
False
Is 5809087 a multiple of 17?
True
Is 133336 a multiple of 56?
True
Is 28 a factor of 10332?
True
Does 888 divide 467976?
True
Does 9 divide 5366217?
False
Is 404 a factor of 2200992?
True
Does 41 divide 471049?
True
Does 27 divide 620704?
False
Is 521262 a multiple of 2?
True
Is 29 a factor of 944569?
False
Is 11186 a multiple of 34?
True
Is 70055 a multiple of 328?
False
Does 702 divide 2693574?
True
Is 1120056 a multiple of 42?
True
Is 33409 even?
False
Is 20 a factor of 502360?
True
Does 769 divide 113186?
False
Is 121733 a multiple of 19?
True
Does 2 divide 71726?
True
Is 4586081 a multiple of 13?
False
Is 16 a factor of 676352?
True
Does 4 divide 212552?
True
Is 4152148 a multiple of 26?
True
Does 3 divide 86337?
True
Does 107 divide 3784376?
True
Does 32 divide 900800?
True
Is 8 a factor of 362448?
True
Is 3632338 a multiple of 153?
False
Is 7 a factor of 4816?
True
Is 7823209 a multiple of 106?
False
Is 52 a factor of 21272?
False
Does 28 divide 21392?
True
Is 40886 a multiple of 193?
False
Is 10 a factor of 214460?
True
Does 318 divide 1154976?
True
Is 2218474 a multiple of 3?
False
Is 5301754 a multiple of 994?
False
Does 193 divide 39758?
True
Is 520806 a multiple of 66?
True
Is 7 a factor of 34473?
False
Is 200382 a multiple of 182?
True
Is 393 a factor of 888180?
True
Is 1280050 a multiple of 11?
False
Is 4195552 a multiple of 32?
True
Is 402 a factor of 390342?
True
Does 21 divide 932900?
False
Does 167 divide 1093516?
True
Is 116948 a multiple of 52?
True
Does 209 divide 832238?
True
Is 698 a factor of 15605526?
False
Does 40 divide 3422040?
True
Does 93 divide 3805773?
False
Is 4 a factor of 48169?
False
Is 156 a factor of 486876?
True
Is 586412 a multiple of 78?
False
Is 40 a factor of 237160?
True
Is 185789 a multiple of 60?
False
Is 55 a factor of 1980?
True
Does 125 divide 91375?
True
Is 2155005 a multiple of 313?
True
Is 363332 a multiple of 44?
False
Does 127 divide 1387943?
False
Does 2188 divide 8139360?
True
Is 23 a factor of 36432?
True
Does 13 divide 449414?
False
Does 109 divide 297025?
True
Is 51 a factor of 33966?
True
Is 1365000 a multiple of 56?
True
Is 16673118 a multiple of 1434?
True
Is 90 a factor of 97221?
False
Is 35 a factor of 727979?
False
Is 36 a factor of 114048?
True
Does 504 divide 829080?
True
Does 103 divide 151101?
True
Is 176470 a multiple of 70?
True
Does 3 divide 658444?
False
Is 4 a factor of 661406?
False
Is 3 a factor of 57175?
False
Does 116 divide 2558612?
True
Does 111 divide 2364102?
False
Does 8 divide 1073221?
False
Does 6 divide 1042109?
False
Is 1682274 a multiple of 426?
True
Is 3253443 a multiple of 32?
False
Is 105 a factor of 170113?
False
Is 236210 a multiple of 158?
True
Is 15 a factor of 603460?
False
Is 153830 a multiple of 37?
False
Is 450330 a multiple of 10?
True
Is 55165 a multiple of 3?
False
Does 11 divide 104779?
False
Does 3 divide 24573?
True
Is 163148 a multiple of 18?
False
Does 29 divide 5274317?
True
Is 3985273 a multiple of 59?
True
Does 5 divide 524?
False
Is 35 a factor of 350560?
True
Does 642 divide 353742?
True
Does 21 divide 909811?
False
Is 445500 a multiple of 206?
False
Is 15 a factor of 279840?
True
Does 1070 divide 11165347?
False
Does 71 divide 4204336?
True
Does 81 divide 6960897?
True
Does 7 divide 11238283?
True
Is 17 a factor of 955186?
False
Does 12 divide 407388?
True
Is 9938376 a multiple of 18?
True
Does 19 divide 3701998?
True
Is 52 a factor of 1182786?
False
Is 13 a factor of 19440?
False
Is 3939201 a multiple of 31?
True
Does 21 divide 136626?
True
Does 833 divide 1552501?
False
Is 10 a factor of 2067070?
True
Is 2909298 a multiple of 14?
True
Does 10 divide 10103057?
False
Is 263057 a multiple of 25?
False
Is 31740 a multiple of 12?
True
Does 36 divide 269007?
False
Is 8 a factor of 83537?
False
Does 39 divide 31551?
True
Is 418 a factor of 2931852?
True
Does 7 divide 72526?
False
Does 253 divide 5999895?
True
Is 21 a factor of 1766688?
True
Is 19 a factor of 1098314?
True
Does 257 divide 668971?
True
Does 56 divide 418376?
True
Does 64 divide 29504?
True
Does 8 divide 268040?
True
Does 68 divide 411876?
True
Is 191918 a multiple of 94?
False
Is 49348 a multiple of 9?
False
Does 5 divide 3694?
False
Is 518 a factor of 1146161?
False
Does 151 divide 2956671?
False
Does 8 divide 334895?
False
Is 42678 a multiple of 157?
False
Is 381 a factor of 300228?
True
Is 914620 a multiple of 658?
True
Does 294 divide 363384?
True
Is 127 a factor of 1394533?
False
Is 176009 a multiple of 15?
False
Is 21024 a multiple of 72?
True
Does 62 divide 11780?
True
Is 4263335 a multiple of 13?
False
Is 14 a factor of 8873052?
False
Is 1847127 a multiple of 24?
False
Is 181 a factor of 10367645?
False
Is 36243 a multiple of 3?
True
Is 28 a factor of 2909982?
False
Is 46 a factor of 713920?
True
Does 2 divide 22945?
False
Is 48 a factor of 11459520?
True
Does 427 divide 3430091?
True
Is 328 a factor of 202443?
False
Does 225 divide 88658?
False
Is 1037599 a multiple of 938?
False
Is 4045153 a multiple of 523?
False
Does 8 divide 23693?
False
Is 21336 a multiple of 28?
True
Is 36 a factor of 13448?
False
Is 252005 a multiple of 15?
False
Is 449 a factor of 1971926?
False
Is 53 a factor of 68119?
False
Is 258978 a multiple of 51?
True
Does 138 divide 555036?
True
Is 60395 a multiple of 47?
True
Is 976311 a multiple of 21?
True
Is 676746 a multiple of 385?
False
Does 17 divide 4107704?
False
Is 24 a factor of 35016?
True
Is 137 a factor of 2234881?
True
Is 5158370 a multiple of 35?
True
Is 73877 a multiple of 11?
False
Is 326 a factor of 242395?
False
Is 108 a factor of 172871?
False
Is 14 a factor of 62398?
True
Is 786048 a multiple of 384?
True
Does 1599 divide 6035757?
False
Is 1250482 a multiple of 7?
False
Does 58 divide 151432?
False
Does 1095 divide 2841419?
False
Does 71 divide 1799353?
True
Is 1087 a factor of 1476636?
False
Is 4 a factor of 5720275?
False
Does 19 divide 298383?
False
Is 235 a factor of 22658230?
True
Does 44 divide 71676?
True
Is 38 a factor of 1939246?
False
Does 11 divide 401586?
False
Is 16588539 a multiple of 9?
True
Is 22 a factor of 748726?
True
Is 13082997 a multiple of 362?
False
Is 13 a factor of 64480?
True
Is 202858 a multiple of 4?
False
Does 17 divide 2331725?
False
Does 25 divide 8709150?
True
Is 256675 a multiple of 322?
False
Does 4 divide 40820?
True
Is 729582 a multiple of 599?
True
Does 983 divide 2705216?
True
Is 92969 a multiple of 335?
False
Does 59 divide 241546?
True
Is 20 a factor of 661200?
True
Is 42492 a multiple of 6?
True
Is 51 a factor of 205908?
False
Does 4 divide 57883?
False
Is 26 a factor of 1641183?
False
Does 426 divide 158253?
False
I